{"id":105,"date":"2018-10-16T20:52:23","date_gmt":"2018-10-16T18:52:23","guid":{"rendered":"http:\/\/dasguteleben-aussee.at\/?page_id=105"},"modified":"2026-02-18T17:25:44","modified_gmt":"2026-02-18T16:25:44","slug":"wein","status":"publish","type":"page","link":"http:\/\/dasguteleben-aussee.at\/?page_id=105","title":{"rendered":"WEIN"},"content":{"rendered":"<p><img loading=\"lazy\" decoding=\"async\" class=\"alignnone size-full wp-image-559\" src=\"http:\/\/dasguteleben-aussee.at\/wp-content\/uploads\/2021\/09\/Das_Gute_Leben-Karl_Steinegger-12-scaled.jpg\" alt=\"\" width=\"2560\" height=\"1707\" srcset=\"http:\/\/dasguteleben-aussee.at\/wp-content\/uploads\/2021\/09\/Das_Gute_Leben-Karl_Steinegger-12-scaled.jpg 2560w, http:\/\/dasguteleben-aussee.at\/wp-content\/uploads\/2021\/09\/Das_Gute_Leben-Karl_Steinegger-12-300x200.jpg 300w, http:\/\/dasguteleben-aussee.at\/wp-content\/uploads\/2021\/09\/Das_Gute_Leben-Karl_Steinegger-12-1024x683.jpg 1024w, http:\/\/dasguteleben-aussee.at\/wp-content\/uploads\/2021\/09\/Das_Gute_Leben-Karl_Steinegger-12-768x512.jpg 768w, http:\/\/dasguteleben-aussee.at\/wp-content\/uploads\/2021\/09\/Das_Gute_Leben-Karl_Steinegger-12-1536x1024.jpg 1536w, http:\/\/dasguteleben-aussee.at\/wp-content\/uploads\/2021\/09\/Das_Gute_Leben-Karl_Steinegger-12-2048x1366.jpg 2048w\" sizes=\"auto, (max-width: 2560px) 100vw, 2560px\" \/><\/p>\n<p style=\"text-align: center;\"><span style=\"color: #c17746;\">Wein ist f\u00fcr uns mehr als ein Getr\u00e4nk \u2013 er ist Leidenschaft, Handwerk und Lebensgef\u00fchl. Wir lieben es, besondere Tropfen zu entdecken, Geschichten hinter den Weing\u00fctern zu h\u00f6ren und genau diese Begeisterung mit unseren G\u00e4sten zu teilen.\u00a0<\/span><\/p>\n<p style=\"text-align: center;\"><span style=\"color: #c17746;\">Deshalb findest Du bei uns neben sorgf\u00e4ltig ausgew\u00e4hlten Flaschen auch immer wieder wechselnde offene Weine. So gibt es st\u00e4ndig Neues zu probieren, zu entdecken und gemeinsam zu genie\u00dfen \u2013 ganz entspannt und mit einem guten Gef\u00fchl im Glas.\u00a0<\/span><\/p>\n","protected":false},"excerpt":{"rendered":"<p>Wein ist f\u00fcr uns mehr als ein Getr\u00e4nk \u2013 er ist Leidenschaft, Handwerk und Lebensgef\u00fchl. Wir lieben es, besondere Tropfen zu entdecken, Geschichten hinter den Weing\u00fctern zu h\u00f6ren und genau diese Begeisterung mit unseren G\u00e4sten zu teilen.\u00a0 Deshalb findest Du bei uns neben sorgf\u00e4ltig ausgew\u00e4hlten Flaschen auch immer wieder wechselnde offene Weine. So gibt es [&hellip;]<\/p>\n","protected":false},"author":1,"featured_media":0,"parent":0,"menu_order":0,"comment_status":"closed","ping_status":"closed","template":"","meta":{"jetpack_post_was_ever_published":false,"footnotes":""},"class_list":["post-105","page","type-page","status-publish","hentry"],"jetpack_sharing_enabled":false,"jetpack_shortlink":"https:\/\/wp.me\/Palulz-1H","_links":{"self":[{"href":"http:\/\/dasguteleben-aussee.at\/index.php?rest_route=\/wp\/v2\/pages\/105","targetHints":{"allow":["GET"]}}],"collection":[{"href":"http:\/\/dasguteleben-aussee.at\/index.php?rest_route=\/wp\/v2\/pages"}],"about":[{"href":"http:\/\/dasguteleben-aussee.at\/index.php?rest_route=\/wp\/v2\/types\/page"}],"author":[{"embeddable":true,"href":"http:\/\/dasguteleben-aussee.at\/index.php?rest_route=\/wp\/v2\/users\/1"}],"replies":[{"embeddable":true,"href":"http:\/\/dasguteleben-aussee.at\/index.php?rest_route=%2Fwp%2Fv2%2Fcomments&post=105"}],"version-history":[{"count":10,"href":"http:\/\/dasguteleben-aussee.at\/index.php?rest_route=\/wp\/v2\/pages\/105\/revisions"}],"predecessor-version":[{"id":1311,"href":"http:\/\/dasguteleben-aussee.at\/index.php?rest_route=\/wp\/v2\/pages\/105\/revisions\/1311"}],"wp:attachment":[{"href":"http:\/\/dasguteleben-aussee.at\/index.php?rest_route=%2Fwp%2Fv2%2Fmedia&parent=105"}],"curies":[{"name":"wp","href":"https:\/\/api.w.org\/{rel}","templated":true}]}}