{"id":29,"date":"2018-10-09T22:44:43","date_gmt":"2018-10-09T20:44:43","guid":{"rendered":"http:\/\/dasguteleben-aussee.at\/?page_id=29"},"modified":"2026-02-27T11:46:11","modified_gmt":"2026-02-27T10:46:11","slug":"home","status":"publish","type":"page","link":"http:\/\/dasguteleben-aussee.at\/","title":{"rendered":"DAS GUTE LEBEN"},"content":{"rendered":"<p><img loading=\"lazy\" decoding=\"async\" class=\"alignnone wp-image-546 size-full\" src=\"http:\/\/dasguteleben-aussee.at\/wp-content\/uploads\/2021\/09\/Das_Gute_Leben-Karl_Steinegger.jpg\" alt=\"\" width=\"4000\" height=\"2667\" srcset=\"http:\/\/dasguteleben-aussee.at\/wp-content\/uploads\/2021\/09\/Das_Gute_Leben-Karl_Steinegger.jpg 4000w, http:\/\/dasguteleben-aussee.at\/wp-content\/uploads\/2021\/09\/Das_Gute_Leben-Karl_Steinegger-300x200.jpg 300w, http:\/\/dasguteleben-aussee.at\/wp-content\/uploads\/2021\/09\/Das_Gute_Leben-Karl_Steinegger-768x512.jpg 768w, http:\/\/dasguteleben-aussee.at\/wp-content\/uploads\/2021\/09\/Das_Gute_Leben-Karl_Steinegger-1024x683.jpg 1024w\" sizes=\"auto, (max-width: 4000px) 100vw, 4000px\" \/><\/p>\n<h1 style=\"text-align: center;\"><strong><span style=\"color: #c17746;\">Willkommen im Guten Leben!<\/span><\/strong><\/h1>\n<p class=\"cvGsUA direction-ltr align-center para-style-body\" style=\"text-align: center;\"><span style=\"color: #c17746;\"><span class=\"a_GcMg font-feature-liga-off font-feature-clig-off font-feature-calt-off text-decoration-none text-strikethrough-none\">Hier geht es um genau das, was der Name verspricht &#8211; <\/span><span class=\"a_GcMg font-feature-liga-off font-feature-clig-off font-feature-calt-off text-decoration-none text-strikethrough-none\">eine gute Zeit, gutes Essen &amp; richtig guten Wein.<\/span><\/span><\/p>\n<p class=\"cvGsUA direction-ltr align-center para-style-body\" style=\"text-align: center;\"><span class=\"a_GcMg font-feature-liga-off font-feature-clig-off font-feature-calt-off text-decoration-none text-strikethrough-none\" style=\"color: #c17746;\">Wir glauben, dass Genuss mehr ist als Geschmack:<\/span><\/p>\n<p class=\"cvGsUA direction-ltr align-center para-style-body\" style=\"text-align: center;\"><span class=\"a_GcMg font-feature-liga-off font-feature-clig-off font-feature-calt-off text-decoration-none text-strikethrough-none\" style=\"color: #c17746;\">Er entsteht in Momenten voller Lachen, Gespr\u00e4chen &amp; der Freude, einfach da zu sein.<\/span><\/p>\n<p class=\"cvGsUA direction-ltr align-center para-style-body\" style=\"text-align: center;\"><span class=\"a_GcMg font-feature-liga-off font-feature-clig-off font-feature-calt-off text-decoration-none text-strikethrough-none\" style=\"color: #c17746;\">Das Leben ist zu kurz f\u00fcr schlechte Laune &amp; leere Gl\u00e4ser.<\/span><\/p>\n<p class=\"cvGsUA direction-ltr align-center para-style-body\" style=\"text-align: center;\"><span class=\"a_GcMg font-feature-liga-off font-feature-clig-off font-feature-calt-off text-decoration-none text-strikethrough-none\" style=\"color: #c17746;\">Lehnt euch zur\u00fcck, lasst den Alltag drau\u00dfen &amp; genie\u00dft, was das Leben sch\u00f6n macht.<\/span><\/p>\n<p class=\"cvGsUA direction-ltr align-center para-style-body\" style=\"text-align: center;\"><span style=\"color: #c17746;\"><strong><span class=\"a_GcMg font-feature-liga-off font-feature-clig-off font-feature-calt-off text-decoration-none text-strikethrough-none\">Auf Das gute Leben &#8211; jeden Tag ein bisschen mehr.<\/span><\/strong><\/span><\/p>\n<p>&nbsp;<\/p>\n<p style=\"text-align: center;\"><span style=\"color: #c17746;\"><strong>Genie\u00dfe mit uns das gute Leben. Wir freuen uns auf Dich!<\/strong><\/span><\/p>\n<hr \/>\n<p style=\"text-align: center;\"><span style=\"color: #c17746;\"><strong>\u00d6FFNUNGSZEITEN<\/strong>\u00a0<\/span><\/p>\n<p style=\"text-align: center;\"><span style=\"color: #c17746;\">Mittwoch bis Samstag<\/span><\/p>\n<p style=\"text-align: center;\"><span style=\"color: #c17746;\"><strong>&gt;&gt; 12 bis 22 Uhr &lt;&lt;<br \/><\/strong><\/span><\/p>\n<p style=\"text-align: center;\"><span style=\"color: #c17746;\"><strong>K\u00fcche von 12 bis 20.30 Uhr!<\/strong><\/span><\/p>\n<p style=\"text-align: center;\"><span style=\"color: #c17746;\">Sonntag, Montag und Dienstag geschlossen!<\/span><\/p>\n\n\n<p><\/p>\n","protected":false},"excerpt":{"rendered":"<p>Willkommen im Guten Leben! Hier geht es um genau das, was der Name verspricht &#8211; eine gute Zeit, gutes Essen &amp; richtig guten Wein. Wir glauben, dass Genuss mehr ist als Geschmack: Er entsteht in Momenten voller Lachen, Gespr\u00e4chen &amp; der Freude, einfach da zu sein. Das Leben ist zu kurz f\u00fcr schlechte Laune &amp; [&hellip;]<\/p>\n","protected":false},"author":1,"featured_media":546,"parent":0,"menu_order":1,"comment_status":"closed","ping_status":"closed","template":"","meta":{"jetpack_post_was_ever_published":false,"footnotes":""},"class_list":["post-29","page","type-page","status-publish","has-post-thumbnail","hentry"],"jetpack_sharing_enabled":true,"jetpack_shortlink":"https:\/\/wp.me\/Palulz-t","_links":{"self":[{"href":"http:\/\/dasguteleben-aussee.at\/index.php?rest_route=\/wp\/v2\/pages\/29","targetHints":{"allow":["GET"]}}],"collection":[{"href":"http:\/\/dasguteleben-aussee.at\/index.php?rest_route=\/wp\/v2\/pages"}],"about":[{"href":"http:\/\/dasguteleben-aussee.at\/index.php?rest_route=\/wp\/v2\/types\/page"}],"author":[{"embeddable":true,"href":"http:\/\/dasguteleben-aussee.at\/index.php?rest_route=\/wp\/v2\/users\/1"}],"replies":[{"embeddable":true,"href":"http:\/\/dasguteleben-aussee.at\/index.php?rest_route=%2Fwp%2Fv2%2Fcomments&post=29"}],"version-history":[{"count":10,"href":"http:\/\/dasguteleben-aussee.at\/index.php?rest_route=\/wp\/v2\/pages\/29\/revisions"}],"predecessor-version":[{"id":1320,"href":"http:\/\/dasguteleben-aussee.at\/index.php?rest_route=\/wp\/v2\/pages\/29\/revisions\/1320"}],"wp:featuredmedia":[{"embeddable":true,"href":"http:\/\/dasguteleben-aussee.at\/index.php?rest_route=\/wp\/v2\/media\/546"}],"wp:attachment":[{"href":"http:\/\/dasguteleben-aussee.at\/index.php?rest_route=%2Fwp%2Fv2%2Fmedia&parent=29"}],"curies":[{"name":"wp","href":"https:\/\/api.w.org\/{rel}","templated":true}]}}

<p><img loading="lazy" decoding="async" class="alignnone wp-image-546 size-full" src="http://dasguteleben-aussee.at/wp-content/uploads/2021/09/Das_Gute_Leben-Karl_Steinegger.jpg" alt="" width="4000" height="2667" srcset="http://dasguteleben-aussee.at/wp-content/uploads/2021/09/Das_Gute_Leben-Karl_Steinegger.jpg 4000w, http://dasguteleben-aussee.at/wp-content/uploads/2021/09/Das_Gute_Leben-Karl_Steinegger-300x200.jpg 300w, http://dasguteleben-aussee.at/wp-content/uploads/2021/09/Das_Gute_Leben-Karl_Steinegger-768x512.jpg 768w, http://dasguteleben-aussee.at/wp-content/uploads/2021/09/Das_Gute_Leben-Karl_Steinegger-1024x683.jpg 1024w" sizes="auto, (max-width: 4000px) 100vw, 4000px" /></p>
<h1 style="text-align: center;"><strong><span style="color: #c17746;">Willkommen im Guten Leben!</span></strong></h1>
<p class="cvGsUA direction-ltr align-center para-style-body" style="text-align: center;"><span style="color: #c17746;"><span class="a_GcMg font-feature-liga-off font-feature-clig-off font-feature-calt-off text-decoration-none text-strikethrough-none">Hier geht es um genau das, was der Name verspricht &#8211; </span><span class="a_GcMg font-feature-liga-off font-feature-clig-off font-feature-calt-off text-decoration-none text-strikethrough-none">eine gute Zeit, gutes Essen &amp; richtig guten Wein.</span></span></p>
<p class="cvGsUA direction-ltr align-center para-style-body" style="text-align: center;"><span class="a_GcMg font-feature-liga-off font-feature-clig-off font-feature-calt-off text-decoration-none text-strikethrough-none" style="color: #c17746;">Wir glauben, dass Genuss mehr ist als Geschmack:</span></p>
<p class="cvGsUA direction-ltr align-center para-style-body" style="text-align: center;"><span class="a_GcMg font-feature-liga-off font-feature-clig-off font-feature-calt-off text-decoration-none text-strikethrough-none" style="color: #c17746;">Er entsteht in Momenten voller Lachen, Gesprächen &amp; der Freude, einfach da zu sein.</span></p>
<p class="cvGsUA direction-ltr align-center para-style-body" style="text-align: center;"><span class="a_GcMg font-feature-liga-off font-feature-clig-off font-feature-calt-off text-decoration-none text-strikethrough-none" style="color: #c17746;">Das Leben ist zu kurz für schlechte Laune &amp; leere Gläser.</span></p>
<p class="cvGsUA direction-ltr align-center para-style-body" style="text-align: center;"><span class="a_GcMg font-feature-liga-off font-feature-clig-off font-feature-calt-off text-decoration-none text-strikethrough-none" style="color: #c17746;">Lehnt euch zurück, lasst den Alltag draußen &amp; genießt, was das Leben schön macht.</span></p>
<p class="cvGsUA direction-ltr align-center para-style-body" style="text-align: center;"><span style="color: #c17746;"><strong><span class="a_GcMg font-feature-liga-off font-feature-clig-off font-feature-calt-off text-decoration-none text-strikethrough-none">Auf Das gute Leben &#8211; jeden Tag ein bisschen mehr.</span></strong></span></p>
<p>&nbsp;</p>
<p style="text-align: center;"><span style="color: #c17746;"><strong>Genieße mit uns das gute Leben. Wir freuen uns auf Dich!</strong></span></p>
<hr />
<p style="text-align: center;"><span style="color: #c17746;"><strong>ÖFFNUNGSZEITEN</strong> </span></p>
<p style="text-align: center;"><span style="color: #c17746;">Mittwoch bis Samstag</span></p>
<p style="text-align: center;"><span style="color: #c17746;"><strong>&gt;&gt; 12 bis 22 Uhr &lt;&lt;<br /></strong></span></p>
<p style="text-align: center;"><span style="color: #c17746;"><strong>Küche von 12 bis 20.30 Uhr!</strong></span></p>
<p style="text-align: center;"><span style="color: #c17746;">Sonntag, Montag und Dienstag geschlossen!</span></p>


<p></p>

<p>Willkommen im Guten Leben! Hier geht es um genau das, was der Name verspricht &#8211; eine gute Zeit, gutes Essen &amp; richtig guten Wein. Wir glauben, dass Genuss mehr ist als Geschmack: Er entsteht in Momenten voller Lachen, Gesprächen &amp; der Freude, einfach da zu sein. Das Leben ist zu kurz für schlechte Laune &amp; [&hellip;]</p>
